ist the prime factors of (48/w)/((-12)/294).
2, 3, 7
Let p(t) = -16*t**3 - t**2 - 3*t - 2. Let q be p(-2). Suppose -11*k = 7 + 389. Let v = k + q. List the prime factors of v.
2, 23
Suppose -6 = 2*s, 4*s + 10092 - 28545 = -5*a. What are the prime factors of a?
3, 1231
Let d be (-150)/(-35) + 6/(-21). Suppose -d*n + 5*z + 4909 = 0, -6*n - 3*z = -10*n + 4907. List the prime factors of n.
2, 613
Suppose 0 = 7*f - 3*f - 48. Suppose 16 = 19*s - 22. Suppose -s*g + 40 + f = 0. What are the prime factors of g?
2, 13
Suppose -237517 = -13*u - 13*u + 169721. What are the prime factors of u?
3, 23, 227
Let o = -706 - -1809. What are the prime factors of o?
1103
What are the prime factors of (-126)/27*39654/(-42)?
2, 2203
Let t(s) = s**3 - 23*s**2 + 23*s + 52. Let f = -265 + 287. What are the prime factors of t(f)?
2, 37
List the prime factors of 4/(-8)*-1*87230/5 - -2.
5, 349
Let f(j) = -22*j + 33*j + 135 + 82 - 94*j. List the prime factors of f(-12).
1213
Let v(c) = -6*c**2 + 15*c - 14. Let s be v(2). Let g(w) = -2*w**3 + 5*w**2 - 17*w - 60. What are the prime factors of g(s)?
2, 5, 71
Let q = -22569 - -36383. List the prime factors of q.
2, 6907
Let s be (9/6)/(6/8). Suppose -35*o = -33*o + s*p - 2106, 3*o + 2*p = 3164. List the prime factors of o.
2, 23
Suppose -49*s + 12*s = 32*s - 349554. List the prime factors of s.
2, 17, 149
Suppose -6*w + 118 = -5*w. Suppose -14*g - 112 - 476 = 0. Let u = g + w. List the prime factors of u.
2, 19
Suppose 3*v - 3687 = -4*y, 2*v = 3*y + 1483 + 992. Let j = -546 + v. What are the prime factors of j?
3, 229
Let a = 161743 + -83742. What are the prime factors of a?
7, 11, 1013
Suppose 117*f - 4*l = 121*f - 13120, -2*l = -2*f + 6540. List the prime factors of f.
5, 131
Let k(f) = f - 2. Suppose 3*y + 9 = 12. Let u be ((-175)/50)/(((-1)/2)/y). What are the prime factors of k(u)?
5
Let q(i) = 172*i**2 + 88*i + 299. What are the prime factors of q(-4)?
2699
Let d(x) = 59*x + 73. Suppose 26 = -13*v + 65. List the prime factors of d(v).
2, 5
Let p be (0 - 3)/(5 + -6). Suppose -p*f - 1119 = -4*o, -3*o - 355 = -4*f - 1189. What are the prime factors of o?
2, 3, 47
Let b = -24124 + 40992. What are the prime factors of b?
2, 4217
Suppose 3*s = -k - 0*s + 888, -k + 895 = -4*s. Suppose x - 10*x + k = 0. List the prime factors of x.
3, 11
Let z = -14 + 54. Let j = z - 284. Let o = j + 499. List the prime factors of o.
3, 5, 17
Suppose 2422*m - 2415*m = 54698. What are the prime factors of m?
2, 3907
Suppose -278581 + 171789 = -12*g + 357596. What are the prime factors of g?
38699
Let d(q) = 3*q**3 - 24*q**2 + 3 + 3 - 14 + 32*q. Let f(y) = y**3 - 8*y**2 + 11*y - 3. Let c(j) = 6*d(j) - 17*f(j). What are the prime factors of c(8)?
43
Suppose 15*s = -29 - 61. Let j(k) = 4*k + 105. List the prime factors of j(s).
3
Let c = 7316 - 5956. What are the prime factors of c?
2, 5, 17
Suppose -32*f + 28*f = 12. List the prime factors of 493/58*76/(-6)*f.
17, 19
Suppose 13*s = 7*s. Let g(n) = -n**2 - 27*n - 27. Let i be g(-25). Suppose 17*u - i*u + 306 = s. What are the prime factors of u?
3, 17
What are the prime factors of ((-3299)/4)/(0 + (-2)/8)?
3299
Suppose -13*g - 4*c + 128 = -11*g, 184 = 3*g + 2*c. Suppose -z - 4*z = 0. Suppose 0 = -4*m + 2*i + 88, z = -5*m - i + g + 57. What are the prime factors of m?
23
Let p(w) = -3*w**3 - 5*w**2 - 6*w - 7. Let m(d) = 2*d**3 + 10*d**2 - 2*d - 12. Let a be m(-5). Let t be (6 + a)/(-4)*0 + -3. What are the prime factors of p(t)?
47
Let o(a) = -78*a + 3891. What are the prime factors of o(18)?
3, 829
Suppose 0 = 10*t + 20766 + 5444. Let m = t + 3688. List the prime factors of m.
11, 97
Let k(a) = 8*a**2 - 8*a + 18. Let i be k(3). Let q be 0 + -1 + (54 - 2). Suppose c = q + i. What are the prime factors of c?
3, 13
Let u = 191 - 156. Suppose -u*f + 947 + 908 = 0. What are the prime factors of f?
53
Suppose -2*j = -35 + 7. Let m(h) = h**2 - 15*h + 16. Let g be m(j). Suppose g*v - 178 = 4*p, 3*v - 2*p = p + 255. What are the prime factors of v?
3
Suppose 4*g = -2*m + 16, 2*g - 7*g + 2*m = -11. What are the prime factors of (590 - 9/g) + 8/(-2)?
11, 53
Let d = 4562 + -1268. List the prime factors of d.
2, 3, 61
Let s(k) = k**2 + 4*k + 7. Let g be s(-2). Let u(b) = 177*b - 3. Let a be u(g). Suppose 3*w + 174 = x, -w - 2*w - a = -3*x. What are the prime factors of x?
3, 59
Let h be 12/(6 + 93/(-16)). Suppose h + 111 = r. What are the prime factors of r?
5, 7
Suppose 2 - 2 = -3*v. Let s = v + 338. What are the prime factors of s?
2, 13
Suppose 3109 + 1080 = -33*y - 1058. Let d(z) = -z**2 + 3*z + 2. Let f be d(3). What are the prime factors of f/(-3)*y/2?
53
Let w be 3 + 274/3 - 3/9. Suppose -w = -7*b + 95. What are the prime factors of b?
3
Suppose 5*g - 34327 = 3*g + 5*v, -4*g = -v - 68645. List the prime factors of g.
131
Suppose 297*h + 4*h - 366964 - 599848 = 0. List the prime factors of h.
2, 11, 73
Let h(g) = -37*g - 41*g**2 - 18*g + 452*g**2 + 24*g - 30 + 425*g**2. List the prime factors of h(-1).
3, 31
Let i(a) = -401*a + 26162. List the prime factors of i(0).
2, 103, 127
What are the prime factors of (-39991)/(-2) + ((-5)/2 - (-62)/31)?
3, 5, 31, 43
Suppose 479*k - 469*k - 92314 = 69486. What are the prime factors of k?
2, 5, 809
Let a(m) = 343*m**2 + 1515*m + 13. What are the prime factors of a(9)?
13, 3187
Suppose 0 = 317*t - 370*t + 101548. What are the prime factors of t?
2, 479
Let i(d) = -d**3 + 0*d**3 - 10*d + 14*d**2 - 4 - 2. Let w = 1910 + -1897. What are the prime factors of i(w)?
3, 11
Suppose 15*s = 69*s + 33588. Let l = s + 1774. List the prime factors of l.
2, 3
Suppose -1345 = -2*s + m, 3*s - 4*m + 856 = 2866. Suppose 0 = 2*g - 508 - s. What are the prime factors of g?
3, 197
Let l = -90052 - -127878. What are the prime factors of l?
2, 18913
Suppose 40*i + 740 = 220. What are the prime factors of (5 - (-52)/i)/((-2)/(-1338))?
3, 223
Suppose 3*o = 2*a + 34831, 7*o - 2*a - 81281 = -6*a. What are the prime factors of o?
17, 683
Suppose 0 = -76*d - 66*d + 158*d - 500464. What are the prime factors of d?
31, 1009
Let b(v) = 156*v**2 + 80*v - 7. List the prime factors of b(5).
3, 53
Suppose 0 = s + 9, 41*j - 43*j + 128097 = -s. List the prime factors of j.
2, 3, 593
Suppose -267320 = -16*o - 98632. List the prime factors of o.
13, 811
Let g(v) = v**2 - 2*v - 10. Let a be g(-5). Let q(m) = -m**2 + 17*m - 23 - 21 + a. What are the prime factors of q(14)?
23
Suppose -2*z - 2*d + 101358 = 0, 1354*d - 1359*d + 50683 = z. What are the prime factors of z?
2, 25339
Let m(y) = -2*y + 0 - 6 + 3 + 1. Let p be m(-4). Suppose 9 = -5*b + p*b. List the prime factors of b.
3
Suppose 0 = 13*c + 3295 + 423. Let v = c + 425. Let r = 285 - v. List the prime factors of r.
2, 73
Suppose -5*b + 44 = -y + 4, -5*b = 4*y + 35. What are the prime factors of (3 + y/7)/(-1)*-21?
2, 3
Let w(a) = -a + 8. Let u be w(4). Suppose u*d = -3*t + 501, -10*t + 13*t + 2*d = 507. What are the prime factors of t?
3, 19
Let q(o) = o**3 - 3*o**2 - 2*o + 9. Let r be q(2). What are the prime factors of (6050/(-22))/(-2 - (-2 + r))?
5, 11
Let i be -11 + 17 - (-1)/(2/280). Let f(j) = -j**2 - 21*j - 7. Let t be f(-15). Suppose 2*w - t = -5*u + i, -2*w + 5*u + 179 = 0. List the prime factors of w.
2, 3, 17
Suppose -95 = -3*u - 83, -5*u = o - 25193. What are the prime factors of o?
3, 2797
Let t = -30 + 36. Suppose -2*a - 3*f = -t*f, -2*a = -4*f + 2. List the prime factors of 2/(-5 + 3)*(-24 - a).
3
Suppose 0 = -2*n + 3*o + 95, n + 0*o + 3*o = 70. Let f = n - 65. What are the prime factors of 2/f + 546/5?
109
Suppose 0 = -2*k - b + 190, -k + 8*b - 4*b = -113. Let f = k + -99. What are the prime factors of (-2)/((-10)/(-995))*(f + 1)?
199
Let o be -3 + 4 + -6 + -13. List the prime factors of 17*o/(-3) + (-64)/(-16).
2, 53
Let q(u) = -3844*u + 1836. List the prime factors of q(-15).
2, 3, 37, 67
Let y(z) = -z**3 + 6*z**2 + 16*z + 3. Let k be y(8). Suppose r + k*r + 2*a = -10, -4*a - 5 = 3*r. List the prime factors of 3 + r/21 + 906/21.
2, 23
Let t(k) = -1251*k - 3347. What are the prime factors of t(-6)?
4159
Let n(k) = 2*k**2 - 19*k + 16. Suppose 13*o - 258 = -37. What are the prime factors of n(o)?
271
Suppose -30564 = -4*u - 15*g + 13*g, -2*u + 4*g = -15292. What are the prime factors of u?
2, 3821
Let g(a) be the third derivative of